{"id":91,"date":"2026-02-23T01:44:16","date_gmt":"2026-02-23T01:44:16","guid":{"rendered":"https:\/\/tinyteh.com\/staging-ty\/?page_id=91"},"modified":"2026-02-25T14:37:37","modified_gmt":"2026-02-25T14:37:37","slug":"usluge-2","status":"publish","type":"page","link":"https:\/\/tinyteh.com\/staging-ty\/usluge-2\/","title":{"rendered":"Usluge"},"content":{"rendered":"<section class=\"bde-section-91-100 bde-section\">\n  \n  \n\t\n\n\n\n<div class=\"section-container\"><div class=\"bde-image-box-91-113 bde-image-box bde-image-box-content-padding-only\" data-entrance=\"slideLeft\">\n<div class=\"ee-imagebox-image\">\n  <img loading=\"lazy\" decoding=\"async\" class=\"breakdance-image-object\" src=\"https:\/\/tinyteh.com\/staging-ty\/wp-content\/uploads\/2026\/02\/Recycling-Separator-G1-1.jpg\" width=\"1024\" height=\"768\" srcset=\"https:\/\/tinyteh.com\/staging-ty\/wp-content\/uploads\/2026\/02\/Recycling-Separator-G1-1.jpg 1024w, https:\/\/tinyteh.com\/staging-ty\/wp-content\/uploads\/2026\/02\/Recycling-Separator-G1-1-300x225.jpg 300w, https:\/\/tinyteh.com\/staging-ty\/wp-content\/uploads\/2026\/02\/Recycling-Separator-G1-1-768x576.jpg 768w\" sizes=\"auto, (max-width: 1024px) 100vw, 1024px\">\n<\/div>\n<div class=\"ee-imagebox-content\">\n      <p class=\"ee-imagebox-title bde-h3\" >INDUSTRIJSKI DIZAJN<\/p>\n    \n      <div class=\"ee-imagebox-text\" >Kod velikih ure\u0111aja i industrijske opreme dizajn nije stvar estetskog u\u017eitka, nego **funkcionalnosti, prepoznatljivosti i uskla\u0111enosti s okru\u017eenjem**. Oprema mora izgledati profesionalno, ulijevati povjerenje, biti pregledna i jednostavna za kori\u0161tenje, a istovremeno se uklopiti u okru\u017eenje u kojem se nalazi \u2013 tvornicu, laboratorij, skladi\u0161te, vanjsku instalaciju.  Istovremeno se vodi ra\u010duna o tome ho\u0107e li se ta ista oprema mo\u0107i jednostavno i ekonomi\u010dno proizvesti \u2013 nema smisla raditi oblike koje nitko ne mo\u017ee napraviti ili koji zahtijevaju skupu ru\u010dnu doradu.<\/div>\n    \n          \n                                    \n    \n    \n    \n    \n            \n            <button type=\"button\" class=\"button-atom button-atom--primary ee-imagebox-button\"  >\n    \n        <span class=\"button-atom__text\">Learn More<\/span>\n\n        \n        \n            <\/button>\n    \n\n  <\/div>\n\n<\/div><\/div>\n<\/section>","protected":false},"excerpt":{"rendered":"<p>INDUSTRIJSKI DIZAJN Kod velikih ure\u0111aja i industrijske opreme dizajn nije stvar estetskog u\u017eitka, nego **funkcionalnosti, prepoznatljivosti i uskla\u0111enosti s okru\u017eenjem**. Oprema mora izgledati profesionalno, ulijevati povjerenje, biti pregledna i jednostavna za kori\u0161tenje, a istovremeno se uklopiti u okru\u017eenje u kojem se nalazi \u2013 tvornicu, laboratorij, skladi\u0161te, vanjsku instalaciju. Istovremeno se vodi ra\u010duna o tome ho\u0107e [&hellip;]<\/p>\n","protected":false},"author":1,"featured_media":0,"parent":0,"menu_order":0,"comment_status":"closed","ping_status":"closed","template":"","meta":{"_breakdance_hide_in_design_set":false,"_breakdance_tags":"","footnotes":""},"class_list":["post-91","page","type-page","status-publish","hentry"],"_links":{"self":[{"href":"https:\/\/tinyteh.com\/staging-ty\/wp-json\/wp\/v2\/pages\/91","targetHints":{"allow":["GET"]}}],"collection":[{"href":"https:\/\/tinyteh.com\/staging-ty\/wp-json\/wp\/v2\/pages"}],"about":[{"href":"https:\/\/tinyteh.com\/staging-ty\/wp-json\/wp\/v2\/types\/page"}],"author":[{"embeddable":true,"href":"https:\/\/tinyteh.com\/staging-ty\/wp-json\/wp\/v2\/users\/1"}],"replies":[{"embeddable":true,"href":"https:\/\/tinyteh.com\/staging-ty\/wp-json\/wp\/v2\/comments?post=91"}],"version-history":[{"count":17,"href":"https:\/\/tinyteh.com\/staging-ty\/wp-json\/wp\/v2\/pages\/91\/revisions"}],"predecessor-version":[{"id":405,"href":"https:\/\/tinyteh.com\/staging-ty\/wp-json\/wp\/v2\/pages\/91\/revisions\/405"}],"wp:attachment":[{"href":"https:\/\/tinyteh.com\/staging-ty\/wp-json\/wp\/v2\/media?parent=91"}],"curies":[{"name":"wp","href":"https:\/\/api.w.org\/{rel}","templated":true}]}}